 the hundreds digit of 473?
4
What is the units digit of 191?
1
What is the hundreds digit of 4522?
5
What is the thousands digit of 5405?
5
What is the units digit of 3394?
4
What is the hundreds digit of 133?
1
What is the ten thousands digit of 21093?
2
What is the units digit of 735?
5
What is the units digit of 2431?
1
What is the units digit of 71920?
0
What is the tens digit of 8501?
0
What is the hundreds digit of 456?
4
What is the thousands digit of 18775?
8
What is the thousands digit of 4528?
4
What is the tens digit of 9144?
4
What is the tens digit of 2338?
3
What is the units digit of 2765?
5
What is the hundreds digit of 1501?
5
What is the units digit of 1182?
2
What is the hundreds digit of 6552?
5
What is the thousands digit of 7361?
7
What is the hundreds digit of 1029?
0
What is the thousands digit of 1620?
1
What is the thousands digit of 12709?
2
What is the tens digit of 127359?
5
What is the units digit of 914?
4
What is the units digit of 8862?
2
What is the units digit of 23959?
9
What is the units digit of 132?
2
What is the thousands digit of 9263?
9
What is the hundreds digit of 1084?
0
What is the thousands digit of 3400?
3
What is the hundreds digit of 444?
4
What is the thousands digit of 3463?
3
What is the hundreds digit of 1868?
8
What is the hundreds digit of 23424?
4
What is the thousands digit of 6458?
6
What is the units digit of 338?
8
What is the ten thousands digit of 26486?
2
What is the thousands digit of 3681?
3
What is the tens digit of 6031?
3
What is the tens digit of 1196?
9
What is the hundreds digit of 14499?
4
What is the tens digit of 553?
5
What is the units digit of 332?
2
What is the units digit of 1320?
0
What is the units digit of 39145?
5
What is the units digit of 38509?
9
What is the thousands digit of 12177?
2
What is the units digit of 3943?
3
What is the ten thousands digit of 32549?
3
What is the hundred thousands digit of 142990?
1
What is the tens digit of 1420?
2
What is the thousands digit of 17703?
7
What is the thousands digit of 9139?
9
What is the tens digit of 1257?
5
What is the units digit of 656?
6
What is the ten thousands digit of 143067?
4
What is the units digit of 83051?
1
What is the tens digit of 870?
7
What is the thousands digit of 27137?
7
What is the units digit of 132403?
3
What is the tens digit of 562?
6
What is the tens digit of 1452?
5
What is the tens digit of 8642?
4
What is the tens digit of 3083?
8
What is the ten thousands digit of 21800?
2
What is the thousands digit of 5131?
5
What is the hundreds digit of 8878?
8
What is the tens digit of 945?
4
What is the thousands digit of 1047?
1
What is the hundreds digit of 821?
8
What is the thousands digit of 6210?
6
What is the units digit of 294?
4
What is the hundreds digit of 6084?
0
What is the units digit of 590?
0
What is the thousands digit of 1433?
1
What is the hundreds digit of 537?
5
What is the thousands digit of 15738?
5
What is the tens digit of 4596?
9
What is the thousands digit of 2308?
2
What is the units digit of 15085?
5
What is the thousands digit of 5887?
5
What is the thousands digit of 57941?
7
What is the thousands digit of 10144?
0
What is the hundreds digit of 22641?
6
What is the hundreds digit of 13662?
6
What is the thousands digit of 62320?
2
What is the thousands digit of 2248?
2
What is the thousands digit of 7558?
7
What is the hundreds digit of 1759?
7
What is the ten thousands digit of 75859?
7
What is the hundreds digit of 3114?
1
What is the units digit of 70202?
2
What is the hundreds digit of 564?
5
What is the hundreds digit of 3373?
3
What is the tens digit of 566?
6
What is the hundred thousands digit of 125148?
1
What is the hundreds digit of 1975?
9
What is the units digit of 36472?
2
What is the ten thousands digit of 13951?
1
What is the thousands digit of 1622?
1
What is the units digit of 2263?
3
What is the units digit of 48?
8
What is the thousands digit of 2078?
2
What is the ten thousands digit of 35631?
3
What is the tens digit of 33937?
3
What is the ten thousands digit of 24311?
2
What is the hundreds digit of 2479?
4
What is the units digit of 2641?
1
What is the tens digit of 5935?
3
What is the tens digit of 629?
2
What is the units digit of 86?
6
What is the units digit of 6606?
6
What is the hundreds digit of 54670?
6
What is the hundreds digit of 137863?
8
What is the units digit of 1091?
1
What is the hundreds digit of 6897?
8
What is the thousands digit of 1384?
1
What is the units digit of 2393?
3
What is the hundreds digit of 760?
7
What is the hundreds digit of 19564?
5
What is the hundreds digit of 2061?
0
What is the ten thousands digit of 12777?
1
What is the tens digit of 141?
4
What is the thousands digit of 38937?
8
What is the tens digit of 13390?
9
What is the hundreds digit of 5361?
3
What is the tens digit of 17891?
9
What is the units digit of 76634?
4
What is the units digit of 7861?
1
What is the thousands digit of 19229?
9
What is the hundreds digit of 637?
6
What is the thousands digit of 9504?
9
What is the ten thousands digit of 19466?
1
What is the hundreds digit of 4161?
1
What is the tens digit of 31?
3
What is the hundreds digit of 21693?
6
What is the thousands digit of 1666?
1
What is the thousands digit of 165317?
5
What is the units digit of 16935?
5
What is the thousands digit of 6823?
6
What is the thousands digit of 4751?
4
What is the hundreds digit of 499?
4
What is the tens digit of 69014?
1
What is the thousands digit of 14581?
4
What is the tens digit of 896?
9
What is the units digit of 3385?
5
What is the tens digit of 2729?
2
What is the tens digit of 86924?
2
What is the units digit of 388?
8
What is the tens digit of 23258?
5
What is the thousands digit of 106182?
6
What is the hundreds digit of 101358?
3
What is the tens digit of 43839?
3
What is the hundreds digit of 574?
5
What is the units digit of 3859?
9
What is the tens digit of 653?
5
What is the units digit of 8793?
3
What is the units digit of 798?
8
What is the thousands digit of 11725?
1
What is the ten thousands digit of 20155?
2
What is the units digit of 1025?
5
What is the hundreds digit of 5509?
5
What is the hundreds digit of 775?
7
What is the hundreds digit of 115?
1
What is the units digit of 79887?
7
What is the thousands digit of 67636?
7
What is the units digit of 96345?
5
What is the thousands digit of 2142?
2
What is the units digit of 1762?
2
What is the units digit of 1565?
5
What is the thousands digit of 10195?
0
What is the hundreds digit of 1911?
9
What is the tens digit of 917?
1
What is the hundreds digit of 1091?
0
What is the thousands digit of 1262?
1
What is the units digit of 8617?
7
What is the units digit of 457?
7
What is the hundreds digit of 12069?
0
What is the hundreds digit of 7825?
8
What is the units digit of 8347?
7
What is the tens digit of 1078?
7
What is the tens digit of 757?
5
What is the hundreds digit of 867?
8
What is the units digit of 17528?
8
What is the hundreds digit of 753?
7
What is the tens digit of 7443?
4
What is the hundreds digit of 77610?
6
What is the units digit of 46087?
7
What is the tens digit of 626?
2
What is the hundreds digit of 1774?
7
What is the hundreds digit of 199?
1
What is the hundreds digit of 28360?
3
What is the hundreds digit of 144139?
1
What is the tens digit of 54?
5
What is the units digit of 742?
2
What is the tens digit of 650?
5
What is the ten thousands digit of 105233?
0
What is the hundreds digit of 2200?
2
What is the thousands digit of 2414?
2
What is the units digit of 37732?
2
What is the units digit of 6556?
6
What is the thousands digit of 50747?
0
What is the thousands digit of 1148?
1
What is the thousands digit of 5607?
5
What is the thousands digit of 81824?
1
What is the units digit of 59545?
5
What is the tens digit of 1658?
5
What is the tens digit of 32?
3
What is the units digit of 8758?
8
What is the tens digit of 408?
0
What is the hundreds digit of 48329?
3
What is the hundreds digit of 19454?
4
What is the hundreds digit of 124866?
8
What is the tens digit of 15981?
8
What is the hundreds digit of 56214?
2
What is the units digit of 12906?
6
What is the units digit of 2517?
7
What is the tens digit of 65082?
8
What is the th